-11 + -18 + -105)
-106
Calculate -284 + (23 - -96 - -26).
-139
Evaluate 12 + (-41 - (-25 - 29)) + (-23 - 1).
1
Calculate 6 + (34 - (-77 - -95)).
22
What is (-16 - -1 - (1104 - 1073)) + 11 + 0 + -1?
-36
Evaluate (-23 - (-33 + 11)) + 16 + 21.
36
-1 + 93 + 267 + -320
39
What is the value of 3 - (3 + (-2 - (8 + -14)))?
-4
What is the value of (14 - 5) + (81 - (-28 + 77))?
41
Evaluate -6 + (0 - (-2 + -7)) + -2 - -1 - -13.
15
What is (6 - -1) + (11 - (-79 + 87))?
10
What is the value of 55 + (-13 - (-85 + 118))?
9
What is -1428 + 1402 + (53 - 1)?
26
35 + -18 - 17 - (2 - 11)
9
What is the value of -1 + -10 - (-27 + 17 + (2 - 18) + 14)?
1
What is the value of 0 + -43 + (2769 - 2702)?
24
What is 28 - -7 - (25 - (-24 - (-34 - 14)))?
34
(-89 + 94 - (8 + -11 + 11)) + -1 + 68
64
Calculate 17 - (80 + -10) - -98.
45
What is the value of (-15 - 9 - (-8 - 29)) + (-2 - -84)?
95
Calculate -16 + -7 - (362 + -510).
125
Evaluate (7 - 6) + -8 - (-10 - (-80 - 6) - 5).
-78
((-20 - (22 + -30)) + 8 - -18) + -67
-53
What is 9 - ((-137 - -91) + 117)?
-62
Calculate 35 + 16 + -30 - 22 - (53 - 5).
-49
Calculate (11 - (4 - (1 - 3))) + -18 - (-36 - 22).
45
Calculate -16 + (2 + 53 - (223 + -206)).
22
Evaluate 17 + (50 - 57) - 24.
-14
What is -11 - (36 + (-31 - 14))?
-2
2300 + -2239 - (0 - -47)
14
-48 - (-18 + (-33 - -24)) - 41
-62
Evaluate 35 + (-95 + 82 - (0 + 0)) + 5.
27
What is the value of -45 + (-23 - -15) - (-42 - -24)?
-35
What is the value of 10 + (0 - 0 - -1) - (18 + -58 - -178)?
-127
Calculate 63 + -162 - (-55 - 5).
-39
Evaluate 15 - ((-14 - -23) + 2) - (55 + (-1 - -3)).
-53
Calculate (0 + 15 + -25 - -26) + -10 + -79.
-73
What is 6 + -37 + 0 + 22 + -17 + (-3 - 2)?
-31
Evaluate (9 - (11 - 13 - (3 - (2 + -1)))) + 9.
22
What is -5 - 2 - ((-1 - 13) + (-8 + 29 - 80))?
66
What is -3476 + 3196 + (-5 - -148)?
-137
Evaluate 25 + (-19 - (42 + 67)).
-103
What is the value of -24 + 4 - (-2 + (23 - 26 - (-3 + 0)))?
-18
What is the value of -47 + 45 - (53 + -49)?
-6
Calculate -76 - ((-20 + -6 - (-24 + (8 - -2))) + 1).
-65
Evaluate -1 + 15 + (-71 - -145).
88
Calculate -70 - (96 - 59) - -88.
-19
Calculate (-160 + 38 - -217) + -92.
3
What is -25 + -24 + 48 + -4 + -34?
-39
Calculate -67 + 1 + (-119 + 23 + 27 - -51).
-84
Calculate 403 + -462 + (2 - 3 - 6).
-66
What is -1 + 1 + -1 + -67 + (-15 - (-29 - 0))?
-54
What is the value of 80 + (-64 - -114) + -71?
59
Evaluate (0 + -1 - -10) + (-291 - -238).
-44
Evaluate 11 + 1 - (-2 - (2 - 52) - (-3584 + 3581)).
-39
What is -171 + 326 + -187 + (-1 + 0 - -2)?
-31
0 + 72 + -13205 + 13052
-81
What is the value of 6300 + -6254 - ((1 - 2) + -2)?
49
-130 + (6 - ((-37 - -9) + 12))
-108
17 + -7 - -1 - (12 + -35 + 0 + -2)
36
What is the value of (-8 - 74) + (5 - 1)?
-78
What is (5 - 1) + (-19 - (-11 - -2)) + 1 + -5?
-10
Evaluate -145 - (-183 + 71) - -123.
90
What is the value of 112 - (-21 + -140 + 172)?
101
Calculate -9 + (-6 - -3) - (1392 - 1369).
-35
Calculate 44 + 76 + -90 + -108.
-78
Calculate 102 - (-3 + 268 + -87).
-76
What is (-1 - (2 - 12)) + -147 + 62 + 96?
20
65 + -20 - (48 + -31)
28
What is the value of (-90 - (14 + -20)) + (209 - 199)?
-74
40 - (9 - -13) - -14
32
What is the value of (-9 - -6) + 10 + (-125 - -62) + (4 - 14)?
-66
What is -81 + 22 + 75 - (2 - 41)?
55
What is the value of -13 - 22 - -36 - (-2 - -5 - 1)?
-1
Evaluate 11 + -45 - (300 + -284).
-50
-117 + 6 - (894 + -987)
-18
Calculate (798 - 709) + (-28 - -5).
66
(-4 - (30 - (16 + 5 + -10))) + -12
-35
-27 + (-9 - (-20 + 9)) + 15
-10
What is the value of -24 - (15 + 21 + 3 + 22)?
-85
Evaluate 30 + -29 + 36 + 26 + -11.
52
Calculate -46 + (16 - -6) + 21 + -32.
-35
Evaluate -11 + (-133 - -152) + -1 + -20.
-13
What is 10 - (0 + -19) - (307 - 375)?
97
What is 34 + (-25 - -4) - -73?
86
Calculate 35 + -1 - 43 - -31.
22
What is -5 - 2 - (126 - 126)?
-7
Calculate -13 + 43 - 46 - 10.
-26
Evaluate -16 + (43 + -39 - (-6 - (6 + -9))) + 116.
107
Calculate (6 - (42 + (-11 - 3 - -9))) + -2.
-33
-36 + 101 + 1 + (-892 - -869)
43
Evaluate 13 + 4 + 16 + 25 + -31.
27
Evaluate -2 + (56 - -17) + -11 - (4 + -5 + 2).
59
Evaluate -48 + -12 + (-24 - -67).
-17
Evaluate (-75 - -31 - -10) + 17 + (8 - -1).
-8
Evaluate 0 + -25 + -29 - -19 - 35.
-70
What is 71 + (-63 - (1 + -39))?
46
What is the value of 12 - -64 - (-10 - (-2 + (5 - 6)))?
83
(2 - -1) + 28 + (32 - 71) - -2
-6
Calculate 301 + -320 + (-20 - 0 - 4).
-43
Calculate (2892 - 2899) + (4 - (2 - 1) - 2).
-6
1 + 0 + (-93 - (-1 + -59)) - 6
-38
What is (5 - 8) + (-104 + 21 + -14 - -3)?
-97
What is the value of -11 + -9 + 22 + 87 + 7 + 4?
100
What is (-7703 - -7728) + 0 + 70?
95
Calculate (4 - (4 + 50)) + -1.
-51
73 + (64 - 76) + 17
78
Evaluate 56 - ((-10 - -19) + 30).
17
Evaluate 136 - ((18 - -4) + -7) - 25.
96
What is 3 + 1 + -4 + -8 - ((-1 - -7) + -2)?
-12
What is the value of 1 - (-56 + (14 - 8)) - ((7 - 10) + 12)?
42
Evaluate -16 + (-2 - (2 - 4)) - (2854 + -2766).
-104
Evaluate 3 - -36 - (-46 + 133).
-48
Evaluate -19 + 3 + 4 + (20 - 20 - 22 - -135).
101
What is the value of 5 + 12 - 8 - -11 - (-24 - -33)?
11
What is 27 + (4 - (-2 - -15) - 6)?
12
Calculate -340 + 320 - (-31 - -4) - (-53 - 1).
61
Calculate 71 + 46 + -113 + -5 + 2.
1
What is 147 + -136 + (-52 - -24)?
-17
What is -48 + 65 + (-42 - -17) + (0 - (-92 + 0))?
84
Calculate -48 + 6 + 36 + 60 - -45.
99
(-32 - -55) + -59 + 0
-36
Evaluate 2308 - 2322 - (-18 + 2).
2
What is (-4 + -4 - (8 - 13) - -2 - 2) + -6?
-9
Evaluate 46 + (-5 - -55) - 8.
88
-122 + -119 + 343 + -62
40
What is the value of -17 - (-50 - (-2 - -19)) - 17?
33
Evaluate (-19 - -47) + (-12 - -4) - (0 + -3 + 3).
20
What is the value of -2 + 3 + 0 + -116 + 2 - (-5050 - -5043)?
-106
Evaluate -54 - (41 - 43) - (-6 + -4).
-42
Evaluate 1130 + -1072 - (-2 + 4 + 0 + 2).
54
What is the value of 1 + -89 - (4477 + -4549)?
-16
33 + -16 - (-83 + 71)
29
Calculate (-3 - (-16 - -15)) + -3 + 101.
96
Evaluate 3 + -2 + 47 + (-11 - (-44 + (22 - -3))).
56
-74 - (0 + -4) - (-40 + 32 - -3)
-65
Calculate -111 - -111 - (-2 + -1 + 8 + 9).
-14
What is the value of 54 + (-12 - 61) - (-101 + 3 + -5)?
84
(50 - (118 - 28)) + 2
-38
Evaluate (100 - 104) + (-7 + 5 + (-1 - 0) - 44).
-51
What is the value of (-5 - ((12 - 6) + -14)) + (-89 - -73)?
-13
What is the value of -13 - -6 - 1 - (-22 + -5 + 9)?
10
(1 - -111) + -1310 + 1270 + 54 + 1
127
What is (-40 - (-2 - 0)) + -3220 + 3236?
-22
What is (-18 - -4) + (-4 - -18) + -6 - (1 - 52)?
45
What is the value of 1 + -11 - (17 + -22 + 9 + -6) - -5?
-3
Evaluate 38 + (27 + (-39 - -9) - 25).
10
What is the value of 72 + (-22 + -137 - -114)?
27
(-40 + 82 + (-1 - 14) - 13) + (26 - 2)
38
Evaluate -161 + -3 - (9 + -104).
-69
Evaluate -21 - ((-19 - -2) + 83 + -141).
54
Evaluate (-41 - -9) + 355 + -275.
48
What is -92 + 0 - (18 + -11) - ((18 - 16) + -7)?
-94
Evaluate 4 + -26 + (-14 - -24 - 12).
-24
Evaluate 6 - (-4 - -11) - -36 - (167 + -176).
44
(1 - -83) + (97 - 91 - 13)
77
What is -2 + -5 + 2 + -14 + 41 + -9 - -12?
25
What is the value of (84 - (90 - -9)) + 0 + 19 - -20?
24
What is the value of (41 + 3 - 2) + -67 + 53?
28
Calculate 318 - 352 - (-13 - -74).
-95
-169 + 107 + (-1 - 44)
-107
21 - (-101 + 90 + -13 - (0 - -20))
65
Calculate -20 + -3 - (5 - (-3 + 5) - 11).
-15
Calculate -42 + (68 - 42) + 69.
53
Calculate (-43 - -1) + (-772 - -719).
-95
Calculate -7 - (-15 - -15) - (22 + 29 + -3 + 6).
-61
Calculate 40 + 23 + 32 + -119.
-24
Evaluate (-1 - 20) + 3 + (10 - 2) + -41 + 28.
-23
4 - -3 - 1 - 34 - (-34 - -47)
-41
Calculate -888 - -938 - (-1 + -13) - -10.
74
Calculate -13 - (0 - 10) - (8 + -2 - 21).
12
What is (-5 - (24 + (-4 - 72))) + -11?
36
What is the value of 58 + (-4 - 2 - (-23 + 21 - (1 - 4)))?
51
Calculate -88 - (-10 - (59 + 5)).
-14
713 + -747 + (6 - 30)
-58
38 + -24 + 51 + -40 + -127
-102
What is -2 - -10 - (2421 + -2458)?
45
(-22 - 11) + 25 + -6 - (1 + 44)
-59
(42 - 50) + 28 - (-9 + (-5 - -10))
24
-11 + 1 + 1 - (1418 - 1366)
-61
Calculate -74 - -1 - (1616 - 1642).
-47
Evaluate -18 - (-12 + 6) - (7 + (30 - -4)).
-53
2 - (-56 - (-1 - (-5 + -7 - 3)))
72
What is -45 + (-23 - (-64 + 9))?
-13
What is 66 + -13 + -73 - 11?
-31
What is the value of 11 + -31 - (-19 + 25 - 14)?
-12
What is the value of 3 + (-128 - -38 - (-9 - 8))?
-70
Calculate 3 + 30 + 9 + 6 + -9.
39
Calculate 0 + 50 - -12 - 46.
16
Calculate (-2 - -3) + (-2 - (29 - (